{"id":8523,"date":"2022-03-22T11:27:02","date_gmt":"2022-03-22T10:27:02","guid":{"rendered":"https:\/\/lassiseouest.fr\/?post_type=product&#038;p=8523"},"modified":"2026-01-20T09:03:32","modified_gmt":"2026-01-20T08:03:32","slug":"assise-rinad","status":"publish","type":"product","link":"https:\/\/lassiseouest.fr\/index.php\/produit\/assise-rinad\/","title":{"rendered":"ASSISE RINAD &#8211; les 4 derni\u00e8res"},"content":{"rendered":"<p>&lt;<\/p>\n<h3>Une housse d\u2019assise printani\u00e8re<\/h3>\n<p>Cette housse d\u2019assise de chaise apportera une touche de modernit\u00e9 \u00e0 votre int\u00e9rieur. Son motif fleuri \u00e0 la mani\u00e8re d\u2019un peintre se mariera avec des int\u00e9rieurs tr\u00e8s d\u00e9co. A la fois singulier et discret ce motif ne passera pas inaper\u00e7u sur vos anciennes chaises paill\u00e9es<\/p>\n<p>Vous pr\u00e9f\u00e9rez les assises plus neutres ? D\u00e9couvrez toutes nos <a href=\"https:\/\/lassiseouest.fr\/index.php\/categorie-produit\/couleur\/naturel\/\">assises de chaise naturelles<\/a> !<\/p>\n<h3>Un syst\u00e8me d\u2019attache unique<\/h3>\n<p>Notre <a href=\"https:\/\/lassiseouest.fr\/index.php\/concept\/\">syst\u00e8me d\u2019assise \u00e0 scratch brevet\u00e9<\/a> lui assure un maintien parfait et discret sur votre chaise.<br \/>\nNos assises sont ainsi plus stables que de simples galettes de chaise gr\u00e2ce \u00e0 leurs attaches velcro. Elles vous offrent 2,2cm d&rsquo;\u00e9paisseur gr\u00e2ce \u00e0 leur mousse polyether de premier choix, garantie d&rsquo;un excellent confort.<\/p>\n<h3>Relookez vos chaises en un clin d&rsquo;\u0153il !<\/h3>\n<p>Nos galettes de chaise \u00e0 scratch sont la solution facile et rapide pour r\u00e9nover vos chaises. Nos produits sont trap\u00e9zo\u00efdales pour recouvrir vos assises de chaise en paille ou en bois en toute simplicit\u00e9 et offrir une seconde jeunesse \u00e0 vos assises.<\/p>\n<p>D\u00e9couvrez nos nombreux tissus aux styles, couleurs et motifs vari\u00e9s et trouvez celui qui compl\u00e9tera votre d\u00e9co.<br \/>\nVous h\u00e9sitez sur le motif de votre assise ? Craquez sur plusieurs tissus et changez de d\u00e9co au gr\u00e9 des saisons et de vos envies !<\/p>\n<h3>Entretien de votre housse<\/h3>\n<p>Lavage \u00e0 la main : tremper enti\u00e8rement dans une baignoire afin d\u2019\u00e9viter les aur\u00e9oles, nettoyer au savon de Marseille, rincer et \u00e9tendre sur un fil avec le linge habituel.<br \/>\nLa version d\u00e9houssable peut \u00eatre lav\u00e9e en machine.<\/p>\n<h3>Assise de chaise Made in France<\/h3>\n<p>Depuis 2012, nous fabriquons nos produits en Loire Atlantique. Nos tissus et mati\u00e8res premi\u00e8res proviennent principalement de France et parfois d&rsquo;Europe. Elles sont s\u00e9lectionn\u00e9es par notre artisan et choisies pour leur qualit\u00e9 et leur r\u00e9sistance.<\/p>\n<h3>Composition de l\u2019assise de chaise<\/h3>\n<p>Composition tissu 100% coton &#8211; tissu imprim\u00e9 fin<\/p>\n<p>Doublure 50% coton &#8211; 50% polyester<\/p>\n<p>Garniture mousse poly\u00e9ther (21kg\/m<sup>3<\/sup>)<\/p>\n<p><img loading=\"lazy\" decoding=\"async\" class=\"alignnone size-medium wp-image-305\" src=\"https:\/\/lassiseouest.fr\/wp-content\/uploads\/2017\/01\/Tableau-rep\u00e8res-3-300x97.png\" alt=\"\" width=\"300\" height=\"97\" srcset=\"https:\/\/lassiseouest.fr\/wp-content\/uploads\/2017\/01\/Tableau-rep\u00e8res-3-300x97.png 300w, https:\/\/lassiseouest.fr\/wp-content\/uploads\/2017\/01\/Tableau-rep\u00e8res-3-600x194.png 600w, https:\/\/lassiseouest.fr\/wp-content\/uploads\/2017\/01\/Tableau-rep\u00e8res-3-768x248.png 768w, https:\/\/lassiseouest.fr\/wp-content\/uploads\/2017\/01\/Tableau-rep\u00e8res-3-1024x331.png 1024w, https:\/\/lassiseouest.fr\/wp-content\/uploads\/2017\/01\/Tableau-rep\u00e8res-3.png 1412w\" sizes=\"auto, (max-width: 300px) 100vw, 300px\" \/><img loading=\"lazy\" decoding=\"async\" class=\"alignnone size-medium wp-image-10076\" src=\"https:\/\/lassiseouest.fr\/wp-content\/uploads\/2024\/06\/chaise-schema-1-300x238.jpg\" alt=\"\" width=\"300\" height=\"238\" srcset=\"https:\/\/lassiseouest.fr\/wp-content\/uploads\/2024\/06\/chaise-schema-1-300x238.jpg 300w, https:\/\/lassiseouest.fr\/wp-content\/uploads\/2024\/06\/chaise-schema-1.jpg 354w\" sizes=\"auto, (max-width: 300px) 100vw, 300px\" \/><\/p>\n","protected":false},"excerpt":{"rendered":"<p>Craquez pour cette assise fleurie aux couleurs printani\u00e8res qui rappelle la nature<\/p>\n<p>Composition tissu 100% coton &#8211; tissu imprim\u00e9 fin<\/p>\n<p><a href=\"https:\/\/lassiseouest.fr\/wp-content\/uploads\/2017\/01\/Fermeture_\u00e9clair.jpg\" target=\"_blank\" rel=\"noopener\">D\u00e9houssable (en option)<\/a><\/p>\n<p><a href=\"https:\/\/lassiseouest.fr\/wp-content\/uploads\/2017\/01\/Tableau-rep%C3%A8res-3.png\" target=\"_blank\" rel=\"noopener noreferrer\">Guide des tailles<\/a><\/p>\n<p><img loading=\"lazy\" decoding=\"async\" class=\"alignnone size-medium wp-image-10076\" src=\"https:\/\/lassiseouest.fr\/wp-content\/uploads\/2024\/06\/chaise-schema-1-300x238.jpg\" alt=\"\" width=\"300\" height=\"238\" srcset=\"https:\/\/lassiseouest.fr\/wp-content\/uploads\/2024\/06\/chaise-schema-1-300x238.jpg 300w, https:\/\/lassiseouest.fr\/wp-content\/uploads\/2024\/06\/chaise-schema-1.jpg 354w\" sizes=\"auto, (max-width: 300px) 100vw, 300px\" \/><\/p>\n","protected":false},"featured_media":8531,"template":"","meta":{"_exactmetrics_skip_tracking":false,"_exactmetrics_sitenote_active":false,"_exactmetrics_sitenote_note":"","_exactmetrics_sitenote_category":0},"product_brand":[],"product_cat":[61],"product_tag":[],"class_list":{"0":"post-8523","1":"product","2":"type-product","3":"status-publish","4":"has-post-thumbnail","6":"product_cat-nature-fleur","7":"pa_dehoussable-non","8":"pa_taille-cuisine","10":"first","11":"outofstock","12":"sale","13":"shipping-taxable","14":"purchasable","15":"product-type-variable"},"yoast_head":"<!-- This site is optimized with the Yoast SEO plugin v27.2 - https:\/\/yoast.com\/product\/yoast-seo-wordpress\/ -->\n<title>Housse d\u2019assise de chaise tendance - &quot;Rinad\u201d | L\u2019Assise Ouest<\/title>\n<meta name=\"description\" content=\"Cette housse d\u2019assise de chaise offre un style \u201cfleuri\u201d. Elle se marie avec harmonie avec les mati\u00e8res naturelles ou plus travaill\u00e9es.\" \/>\n<meta name=\"robots\" content=\"index, follow, max-snippet:-1, max-image-preview:large, max-video-preview:-1\" \/>\n<link rel=\"canonical\" href=\"https:\/\/lassiseouest.fr\/index.php\/produit\/assise-rinad\/\" \/>\n<meta property=\"og:locale\" content=\"fr_FR\" \/>\n<meta property=\"og:type\" content=\"article\" \/>\n<meta property=\"og:title\" content=\"Housse d\u2019assise de chaise tendance - &quot;Rinad\u201d | L\u2019Assise Ouest\" \/>\n<meta property=\"og:description\" content=\"Cette housse d\u2019assise de chaise offre un style \u201cfleuri\u201d. Elle se marie avec harmonie avec les mati\u00e8res naturelles ou plus travaill\u00e9es.\" \/>\n<meta property=\"og:url\" content=\"https:\/\/lassiseouest.fr\/index.php\/produit\/assise-rinad\/\" \/>\n<meta property=\"og:site_name\" content=\"L&#039;Assise Ouest\" \/>\n<meta property=\"article:publisher\" content=\"https:\/\/www.facebook.com\/profile.php?id=100067985598745\" \/>\n<meta property=\"article:modified_time\" content=\"2026-01-20T08:03:32+00:00\" \/>\n<meta property=\"og:image\" content=\"https:\/\/lassiseouest.fr\/wp-content\/uploads\/2022\/03\/rinad.jpg\" \/>\n\t<meta property=\"og:image:width\" content=\"598\" \/>\n\t<meta property=\"og:image:height\" content=\"600\" \/>\n\t<meta property=\"og:image:type\" content=\"image\/jpeg\" \/>\n<meta name=\"twitter:card\" content=\"summary_large_image\" \/>\n<meta name=\"twitter:label1\" content=\"Dur\u00e9e de lecture estim\u00e9e\" \/>\n\t<meta name=\"twitter:data1\" content=\"3 minutes\" \/>\n<script type=\"application\/ld+json\" class=\"yoast-schema-graph\">{\"@context\":\"https:\/\/schema.org\",\"@graph\":[{\"@type\":\"WebPage\",\"@id\":\"https:\/\/lassiseouest.fr\/index.php\/produit\/assise-rinad\/\",\"url\":\"https:\/\/lassiseouest.fr\/index.php\/produit\/assise-rinad\/\",\"name\":\"Housse d\u2019assise de chaise tendance - \\\"Rinad\u201d | L\u2019Assise Ouest\",\"isPartOf\":{\"@id\":\"https:\/\/lassiseouest.fr\/#website\"},\"primaryImageOfPage\":{\"@id\":\"https:\/\/lassiseouest.fr\/index.php\/produit\/assise-rinad\/#primaryimage\"},\"image\":{\"@id\":\"https:\/\/lassiseouest.fr\/index.php\/produit\/assise-rinad\/#primaryimage\"},\"thumbnailUrl\":\"https:\/\/lassiseouest.fr\/wp-content\/uploads\/2022\/03\/rinad.jpg\",\"datePublished\":\"2022-03-22T10:27:02+00:00\",\"dateModified\":\"2026-01-20T08:03:32+00:00\",\"description\":\"Cette housse d\u2019assise de chaise offre un style \u201cfleuri\u201d. Elle se marie avec harmonie avec les mati\u00e8res naturelles ou plus travaill\u00e9es.\",\"breadcrumb\":{\"@id\":\"https:\/\/lassiseouest.fr\/index.php\/produit\/assise-rinad\/#breadcrumb\"},\"inLanguage\":\"fr-FR\",\"potentialAction\":[{\"@type\":\"ReadAction\",\"target\":[\"https:\/\/lassiseouest.fr\/index.php\/produit\/assise-rinad\/\"]}]},{\"@type\":\"ImageObject\",\"inLanguage\":\"fr-FR\",\"@id\":\"https:\/\/lassiseouest.fr\/index.php\/produit\/assise-rinad\/#primaryimage\",\"url\":\"https:\/\/lassiseouest.fr\/wp-content\/uploads\/2022\/03\/rinad.jpg\",\"contentUrl\":\"https:\/\/lassiseouest.fr\/wp-content\/uploads\/2022\/03\/rinad.jpg\",\"width\":598,\"height\":600},{\"@type\":\"BreadcrumbList\",\"@id\":\"https:\/\/lassiseouest.fr\/index.php\/produit\/assise-rinad\/#breadcrumb\",\"itemListElement\":[{\"@type\":\"ListItem\",\"position\":1,\"name\":\"Accueil\",\"item\":\"https:\/\/lassiseouest.fr\/\"},{\"@type\":\"ListItem\",\"position\":2,\"name\":\"Boutique. livraison en point relais : 6,96\u20ac \/ A domicile : 13,20\u20ac. Fabrication en 24 \u00e0 48h.\",\"item\":\"https:\/\/lassiseouest.fr\/index.php\/boutique\/\"},{\"@type\":\"ListItem\",\"position\":3,\"name\":\"ASSISE RINAD &#8211; les 4 derni\u00e8res\"}]},{\"@type\":\"WebSite\",\"@id\":\"https:\/\/lassiseouest.fr\/#website\",\"url\":\"https:\/\/lassiseouest.fr\/\",\"name\":\"L'Assise Ouest\",\"description\":\"Nouvelle assise, Nouvelle chaise\",\"publisher\":{\"@id\":\"https:\/\/lassiseouest.fr\/#organization\"},\"potentialAction\":[{\"@type\":\"SearchAction\",\"target\":{\"@type\":\"EntryPoint\",\"urlTemplate\":\"https:\/\/lassiseouest.fr\/?s={search_term_string}\"},\"query-input\":{\"@type\":\"PropertyValueSpecification\",\"valueRequired\":true,\"valueName\":\"search_term_string\"}}],\"inLanguage\":\"fr-FR\"},{\"@type\":\"Organization\",\"@id\":\"https:\/\/lassiseouest.fr\/#organization\",\"name\":\"L'Assise Ouest\",\"url\":\"https:\/\/lassiseouest.fr\/\",\"logo\":{\"@type\":\"ImageObject\",\"inLanguage\":\"fr-FR\",\"@id\":\"https:\/\/lassiseouest.fr\/#\/schema\/logo\/image\/\",\"url\":\"https:\/\/lassiseouest.fr\/wp-content\/uploads\/2016\/09\/Logo-Assisse-de-lOuest-transparent-150x150-1.png\",\"contentUrl\":\"https:\/\/lassiseouest.fr\/wp-content\/uploads\/2016\/09\/Logo-Assisse-de-lOuest-transparent-150x150-1.png\",\"width\":150,\"height\":150,\"caption\":\"L'Assise Ouest\"},\"image\":{\"@id\":\"https:\/\/lassiseouest.fr\/#\/schema\/logo\/image\/\"},\"sameAs\":[\"https:\/\/www.facebook.com\/profile.php?id=100067985598745\",\"https:\/\/www.youtube.com\/channel\/UCQVzhUN8EGkq4yFk3oQ8YxA\",\"https:\/\/www.pinterest.fr\/lassiseouest\/pins\/\"]}]}<\/script>\n<!-- \/ Yoast SEO plugin. -->","yoast_head_json":{"title":"Housse d\u2019assise de chaise tendance - \"Rinad\u201d | L\u2019Assise Ouest","description":"Cette housse d\u2019assise de chaise offre un style \u201cfleuri\u201d. Elle se marie avec harmonie avec les mati\u00e8res naturelles ou plus travaill\u00e9es.","robots":{"index":"index","follow":"follow","max-snippet":"max-snippet:-1","max-image-preview":"max-image-preview:large","max-video-preview":"max-video-preview:-1"},"canonical":"https:\/\/lassiseouest.fr\/index.php\/produit\/assise-rinad\/","og_locale":"fr_FR","og_type":"article","og_title":"Housse d\u2019assise de chaise tendance - \"Rinad\u201d | L\u2019Assise Ouest","og_description":"Cette housse d\u2019assise de chaise offre un style \u201cfleuri\u201d. Elle se marie avec harmonie avec les mati\u00e8res naturelles ou plus travaill\u00e9es.","og_url":"https:\/\/lassiseouest.fr\/index.php\/produit\/assise-rinad\/","og_site_name":"L&#039;Assise Ouest","article_publisher":"https:\/\/www.facebook.com\/profile.php?id=100067985598745","article_modified_time":"2026-01-20T08:03:32+00:00","og_image":[{"width":598,"height":600,"url":"https:\/\/lassiseouest.fr\/wp-content\/uploads\/2022\/03\/rinad.jpg","type":"image\/jpeg"}],"twitter_card":"summary_large_image","twitter_misc":{"Dur\u00e9e de lecture estim\u00e9e":"3 minutes"},"schema":{"@context":"https:\/\/schema.org","@graph":[{"@type":"WebPage","@id":"https:\/\/lassiseouest.fr\/index.php\/produit\/assise-rinad\/","url":"https:\/\/lassiseouest.fr\/index.php\/produit\/assise-rinad\/","name":"Housse d\u2019assise de chaise tendance - \"Rinad\u201d | L\u2019Assise Ouest","isPartOf":{"@id":"https:\/\/lassiseouest.fr\/#website"},"primaryImageOfPage":{"@id":"https:\/\/lassiseouest.fr\/index.php\/produit\/assise-rinad\/#primaryimage"},"image":{"@id":"https:\/\/lassiseouest.fr\/index.php\/produit\/assise-rinad\/#primaryimage"},"thumbnailUrl":"https:\/\/lassiseouest.fr\/wp-content\/uploads\/2022\/03\/rinad.jpg","datePublished":"2022-03-22T10:27:02+00:00","dateModified":"2026-01-20T08:03:32+00:00","description":"Cette housse d\u2019assise de chaise offre un style \u201cfleuri\u201d. Elle se marie avec harmonie avec les mati\u00e8res naturelles ou plus travaill\u00e9es.","breadcrumb":{"@id":"https:\/\/lassiseouest.fr\/index.php\/produit\/assise-rinad\/#breadcrumb"},"inLanguage":"fr-FR","potentialAction":[{"@type":"ReadAction","target":["https:\/\/lassiseouest.fr\/index.php\/produit\/assise-rinad\/"]}]},{"@type":"ImageObject","inLanguage":"fr-FR","@id":"https:\/\/lassiseouest.fr\/index.php\/produit\/assise-rinad\/#primaryimage","url":"https:\/\/lassiseouest.fr\/wp-content\/uploads\/2022\/03\/rinad.jpg","contentUrl":"https:\/\/lassiseouest.fr\/wp-content\/uploads\/2022\/03\/rinad.jpg","width":598,"height":600},{"@type":"BreadcrumbList","@id":"https:\/\/lassiseouest.fr\/index.php\/produit\/assise-rinad\/#breadcrumb","itemListElement":[{"@type":"ListItem","position":1,"name":"Accueil","item":"https:\/\/lassiseouest.fr\/"},{"@type":"ListItem","position":2,"name":"Boutique. livraison en point relais : 6,96\u20ac \/ A domicile : 13,20\u20ac. Fabrication en 24 \u00e0 48h.","item":"https:\/\/lassiseouest.fr\/index.php\/boutique\/"},{"@type":"ListItem","position":3,"name":"ASSISE RINAD &#8211; les 4 derni\u00e8res"}]},{"@type":"WebSite","@id":"https:\/\/lassiseouest.fr\/#website","url":"https:\/\/lassiseouest.fr\/","name":"L'Assise Ouest","description":"Nouvelle assise, Nouvelle chaise","publisher":{"@id":"https:\/\/lassiseouest.fr\/#organization"},"potentialAction":[{"@type":"SearchAction","target":{"@type":"EntryPoint","urlTemplate":"https:\/\/lassiseouest.fr\/?s={search_term_string}"},"query-input":{"@type":"PropertyValueSpecification","valueRequired":true,"valueName":"search_term_string"}}],"inLanguage":"fr-FR"},{"@type":"Organization","@id":"https:\/\/lassiseouest.fr\/#organization","name":"L'Assise Ouest","url":"https:\/\/lassiseouest.fr\/","logo":{"@type":"ImageObject","inLanguage":"fr-FR","@id":"https:\/\/lassiseouest.fr\/#\/schema\/logo\/image\/","url":"https:\/\/lassiseouest.fr\/wp-content\/uploads\/2016\/09\/Logo-Assisse-de-lOuest-transparent-150x150-1.png","contentUrl":"https:\/\/lassiseouest.fr\/wp-content\/uploads\/2016\/09\/Logo-Assisse-de-lOuest-transparent-150x150-1.png","width":150,"height":150,"caption":"L'Assise Ouest"},"image":{"@id":"https:\/\/lassiseouest.fr\/#\/schema\/logo\/image\/"},"sameAs":["https:\/\/www.facebook.com\/profile.php?id=100067985598745","https:\/\/www.youtube.com\/channel\/UCQVzhUN8EGkq4yFk3oQ8YxA","https:\/\/www.pinterest.fr\/lassiseouest\/pins\/"]}]}},"_links":{"self":[{"href":"https:\/\/lassiseouest.fr\/index.php\/wp-json\/wp\/v2\/product\/8523","targetHints":{"allow":["GET"]}}],"collection":[{"href":"https:\/\/lassiseouest.fr\/index.php\/wp-json\/wp\/v2\/product"}],"about":[{"href":"https:\/\/lassiseouest.fr\/index.php\/wp-json\/wp\/v2\/types\/product"}],"wp:featuredmedia":[{"embeddable":true,"href":"https:\/\/lassiseouest.fr\/index.php\/wp-json\/wp\/v2\/media\/8531"}],"wp:attachment":[{"href":"https:\/\/lassiseouest.fr\/index.php\/wp-json\/wp\/v2\/media?parent=8523"}],"wp:term":[{"taxonomy":"product_brand","embeddable":true,"href":"https:\/\/lassiseouest.fr\/index.php\/wp-json\/wp\/v2\/product_brand?post=8523"},{"taxonomy":"product_cat","embeddable":true,"href":"https:\/\/lassiseouest.fr\/index.php\/wp-json\/wp\/v2\/product_cat?post=8523"},{"taxonomy":"product_tag","embeddable":true,"href":"https:\/\/lassiseouest.fr\/index.php\/wp-json\/wp\/v2\/product_tag?post=8523"}],"curies":[{"name":"wp","href":"https:\/\/api.w.org\/{rel}","templated":true}]}}